 b. Determine v(6).
4
Suppose -2*m = -5*s + 155, 3*m - 10 = -4*s + 91. Let k(z) = -s*z - 11 + 15*z + 15*z. Let l(g) = g**3 + 5*g**2 + 2*g - 3. Let q be l(-4). Give k(q).
-6
Let d = 9 + -11. Let a(r) = -r**2 - 2*r. What is a(d)?
0
Let f(u) = -2*u - 2. Let m be f(-2). Let d = m + 1. Let l(w) = -2*w - 1. Give l(d).
-7
Let t(k) = 0*k**3 - 12 - 3*k**2 + k**3 - 2*k + 7 - k**2. Calculate t(5).
10
Let b be 2*(-28)/8*-1. Let c(t) = 2*t + 5. Let m(y) = 3*y + 9. Let k(z) = b*c(z) - 4*m(z). What is k(1)?
1
Let d(o) = o**3 + 4*o**2 + 2*o + 4. Let k be 60/4*(-1)/(-3). Let a be (-15)/6*8/(-10). Suppose 0 = -a*m - k - 1. Give d(m).
7
Suppose -8*r - 29 + 5 = 0. Let x(i) = i**3 + 2*i**2 - 4. Calculate x(r).
-13
Let p(y) = -7*y**2 - 3*y - 2. Let a(c) = -3*c**2 - c - 1. Let f(o) = 5*a(o) - 2*p(o). Suppose -2*h = h - 45. Suppose -6*b = -b - h. Calculate f(b).
-7
Let o(m) = -9*m + 1. Let r(j) = -10*j + 2. Let a(h) = 7*o(h) - 6*r(h). Let x = -9 - -5. Give a(x).
7
Let z(k) = 2*k**2 - k. Let d be (4/2)/(-2) - -4. Suppose 5*j + 7 - 2 = 0. Let p = j + d. What is z(p)?
6
Let n(y) = -y**3 + 3*y + 1. Suppose -5*x - 86 = 3*a, -46 = 5*a + 4*x + 80. Let v = -24 - a. Give n(v).
3
Let r(j) be the first derivative of j**5/20 + j**3/6 - 3*j**2/2 - 9*j - 2. Let l(o) be the first derivative of r(o). Let x = 2 + -2. Give l(x).
-3
Let f(u) = 4 - 6*u + 7*u - 4. Suppose -3*n + 87 = 3*o - 6*n, -20 = 5*n. Suppose 0*k + o = 5*k. Calculate f(k).
5
Let v(t) = 6*t + 2. Let b(l) = -l + 1. Let c(r) = -5*b(r) - v(r). Determine c(-5).
-2
Let f(g) = -4*g**2. Let m(j) = -j**3 - 8*j**2 - 2*j + 5. Let k be m(-5). Let b be (-1)/(-4) - k/16. Suppose 3*i + 8 + 3 = -d, -4*d = b*i + 12. Determine f(d).
-4
Let g(a) be the first derivative of -a**3/3 - 3*a**2/2 + 5*a + 2. Let n = -6 + 1. Calculate g(n).
-5
Let k be 1/(-3) + 7/3. Let x(p) = 3 + 0 - 3*p - k. Suppose l = -l - 4*t + 4, 5*l - 2*t - 10 = 0. Give x(l).
-5
Let q(p) = -4*p - 1. Let g(v) = -5*v - 1. Let a(t) = 5*g(t) - 6*q(t). Let r = -12 - -6. Give a(r).
7
Suppose -13 = -3*o - 4. Let n(i) = 0*i**o - 3 - i**3 + 2*i**2 - 5*i**2 - 2*i. Let x = -88 - -85. Give n(x).
3
Let w(g) = g - 4. Let k(q) = 2*q - 4. Let f = -3 - 0. Let l(z) = f*w(z) + 2*k(z). Determine l(-5).
-1
Suppose 1 - 2 = -n. Let x(d) = -d + 2. Let z be x(0). Let g(b) = -2*b**2 + z*b**2 + 2 - 2*b**2 - 3. Calculate g(n).
-3
Let n(q) be the third derivative of -q**5/60 + q**4/12 - q**3/3 + 2*q**2. Let p = -3 + 6. Calculate n(p).
-5
Let a(f) be the second derivative of f**5/2 + f**4/12 - f**3/6 - f**2/2 - 21*f. Determine a(-1).
-9
Let q be 1/((-2)/4) - -8. Suppose q = -5*h + 6*h. Let j(m) = m**3 - 6*m**2 - m + 3. What is j(h)?
-3
Let h(c) = 4*c**2 - c**3 - 5*c**2 + 4*c**2. What is h(3)?
0
Suppose m = 5*t - 23, 2*m + 2*m = -2*t - 4. Let g(w) = -w - w + 4*w. Calculate g(m).
-6
Let q(k) be the third derivative of k**4/6 + k**3/6 - k**2. Let r = 7 + -5. Calculate q(r).
9
Let k(l) = -l**3 - 3*l**2 + 5*l + 5. Let h be k(-4). Let x = 0 + 5. Let q(j) = x*j**3 - j**3 + 3*j**3. Give q(h).
7
Let q(r) = 5*r**2 + 12*r + 7. Let i(c) = 2*c**2 + 4*c + 2. Let f(w) = 8*i(w) - 3*q(w). Calculate f(4).
-5
Let u(o) = 4*o + 7. Let r be ((-9)/18)/(1/2). Let j(m) = 1. Let a(y) = r*u(y) + 4*j(y). Calculate a(-2).
5
Suppose 6*o = 2*o. Suppose 2*x + x = o. Suppose x*u = u. Let g(i) = -i + 7. Calculate g(u).
7
Let l(a) = -5*a + 1. Let g be l(3). Let i = g + 15. Let z(b) = -9*b**2 + 2*b - 1. Calculate z(i).
-8
Let g(f) = f + 4. Let l be g(-5). Let t(r) = -4*r + 3*r + 2*r - 9*r**2. What is t(l)?
-10
Let x = -18 + 13. Let n(j) be the first derivative of j**4/4 + 4*j**3/3 - 5*j**2/2 + 4*j + 1. What is n(x)?
4
Let n(i) = -4 - 2*i**2 + i**2 + 0*i + 4*i. Let v = 14 + -1. Let x = v + -10. Give n(x).
-1
Let y(c) = -7*c**2 + 2. Let x(a) = 3*a**2 - 1. Let b(d) = 13*x(d) + 6*y(d). Calculate b(-1).
-4
Let x(i) = i**2 + i + 1 + 4*i**3 - i**2 - 6*i**3. What is x(2)?
-13
Let h(n) = 0*n**2 + 775 - 2*n + n**3 + 6*n**2 - 781. Calculate h(-6).
6
Let i(z) = -2*z + 22 - 9 - 7. What is i(5)?
-4
Let t(d) = -d**3 + 6*d**2 + 7*d - 3. Let h(n) = n**3 + n**2 + 7. Let z be h(0). Calculate t(z).
-3
Let w(u) = -1 + 6*u + 1. Let o be -4 + 2 - ((3 - 7) + 3). Calculate w(o).
-6
Suppose 0*d + 6 = 3*d. Suppose 0 = 6*c - d*c - 20. Suppose 2*b - 2*z - 20 = 0, 2*b - 4*z - c = -5*z. Let f(v) = v**3 - 5*v**2 + v - 2. Give f(b).
3
Suppose 1 = -w - 1. Let j(q) = -q - 1. Let p(y) = y + 1. Let z(s) = -3*j(s) - 2*p(s). Let g(u) = -u**2 - 7*u - 7. Let d(k) = g(k) + 4*z(k). Determine d(w).
-1
Let m(l) = 4*l - 9. Let q(k) = 2*k - 8. Let t be q(5). Let w(r) = -3*r + 8. Let c(h) = t*m(h) + 3*w(h). Give c(0).
6
Let c(a) = 2*a + 6. Suppose -2*h = h + 5*n - 2, -3*h = -4*n + 34. Calculate c(h).
-6
Let a = 5 + -1. Let f(n) = 3*n - 4*n + 0 - 2 - n**3 + 4 + a*n**2. Calculate f(4).
-2
Let h(w) = -57 - 11*w + 3*w**2 - 3*w**2 + 44 - w**2. What is h(-9)?
5
Let y be 3 + 4 + (3 - 12). Let f(d) = -d**2 + d + 1. What is f(y)?
-5
Let v(d) = d + d**2 - 2*d**2 - 1 - 2. Let x(a) = -a**2 + 12*a + 18. Let o be x(13). Suppose 0 = -p + 6*p + g + o, 0 = -p - 4*g - 20. Determine v(p).
-3
Let i(q) = -q**2 + 18*q - 40. Let y be i(15). Let l(t) = -4*t**2 + 6*t + 2 + 3*t**2 - 7. What is l(y)?
0
Let v be (-10)/(-35) + (-26)/(-7). Suppose -9 = -v*a + 3. Let f(u) = -a + u - 2 + 0*u + u. What is f(5)?
5
Let n be 3 - 6*(-1)/(-2). Let z(w) = 0*w + n*w + w + 5. Give z(-5).
0
Let j(w) = w**3 - w**2 - 4*w - 3. Suppose -9*i - 2 = -8*i. Give j(i).
-7
Let r(l) be the third derivative of l**4/24 + 11*l**3/6 + 4*l**2. Let s be r(-9). Let j = s - 3. Let f(y) = -3*y**3 - y - 1. Give f(j).
3
Let s(f) = -f**3 + f**2 - f - 14. Let r be 4*1/(-2) - -2. Determine s(r).
-14
Let s(l) = -l**3 + 4*l**2 + 5*l - 4. Suppose 5*u + 5 = 4*m + 21, 4 = 4*m. Let v be 10/15 - u/(-3). Suppose n + 5 = v*n. What is s(n)?
-4
Let l(j) = -7*j**2 + j. Suppose -k - 2*v + 1 = 0, -34 = k - 3*v - 2*v. Let c = k + 10. Determine l(c).
-6
Let q(v) be the first derivative of -v**3/3 - 3*v**2/2 + 3*v + 2. Calculate q(-3).
3
Let k(h) be the second derivative of -h**4/12 + 2*h**3/3 + h**2 + h. Let z be k(4). Let b(a) = a - z - a - a. Determine b(-5).
3
Let k(r) = -13*r - 13. Let x(i) = -20*i - 19. Let m(g) = 8*k(g) - 5*x(g). Calculate m(-6).
15
Let p(r) be the second derivative of r**3/3 - 3*r**2 - 20*r. Suppose y - 16 = -5*w, 3 = 2*w - 4*y - 21. Give p(w).
2
Let b(d) be the third derivative of d**4/24 + 7*d**3/6 - 2*d**2. Let f(c) = -5*c + 2. Let p be f(2). Let o = p - -4. What is b(o)?
3
Let m(n) = 15*n - 2. Suppose 3*a - 2*a = 0. Suppose a = -3*y - 22 + 61. Let c(k) = 7*k - 1. Let w(h) = y*c(h) - 6*m(h). Determine w(1).
0
Let o(v) = v**3 - 7*v**2 - 7. Let f = 18 - 11. Let u be o(f). Let r(j) = -j**2 - 8*j - 8. Let m be r(u). Let n(w) = 7*w**2 + w. Determine n(m).
6
Let r(p) be the second derivative of -p**4/4 - p**3/6 - p**2/2 + 30*p + 2. Suppose 6*u - 2*u = -4. Give r(u).
-3
Let c(r) be the first derivative of r**2/2 - 4*r - 2. Suppose -24 = 3*s - 36. Determine c(s).
0
Let h(l) = l**3 - 5*l**2 + 2*l + 5. Let b be -1 + -3 + -1 + 2. Let y = b + 15. Suppose -p + 4*p = y. What is h(p)?
-3
Let l(d) be the first derivative of -d**3/3 - 7*d**2/2 - 7*d + 7. What is l(-5)?
3
Let a(h) = -167*h + 167*h + 12*h**2. What is a(1)?
12
Let w(c) = c**2 + 81*c + 81*c - 157*c - 7. Suppose -5*m = 4*i + 34, -2*i - 5*m - 4 = 18. Determine w(i).
-1
Let l = -20 - -20. Let c(b) be the third derivative of -b**5/60 + b**4/24 - b**3/6 - b**2. What is c(l)?
-1
Let u(a) = -2*a**2 + 11*a - 14. Let d(s) = 3*s**2 - 17*s + 21. Let z(h) = -5*d(h) - 7*u(h). Give z(5).
8
Let y(x) = -8*x + 1. Let v(q) = q**2 - 3*q + 1. Let s be v(3). Calculate y(s).
-7
Let w(v) = -2*v**2 + 5*v - v**3 - v + 27 - 25. Let a(u) = -u + 3. Let y be a(6). Calculate w(y).
-1
Let r(w) = w**2 + 3*w + 2. Let k(f) = -f + 1. Let h be k(3). Determine r(h).
0
Suppose y + 11 = -4*t - 0*y, 4*t + 17 = -3*y. Let o(i) = -3*i**3 + 2. Let u(d) = -4*d**3 + d**2 + d + 3. Let g(f) = -3*o(f) + 2*u(f). Determine g(t).
-4
Let h(t) = t + 1. Let s(g) = -2*g - 1. Let x(u) = 3*h(u) + 2*s(u). Let m = 8 + -3. Suppose -4*l + 2 = 2*k, -4*k - 2*l + m - 1 = 0. Calculate x(k).
0
Let s(w) = w - 3. Let c = 22 - 19. Suppose 2*f + l + c = 0, -2*f = -l + 3*l + 6. Determine s(f).
-3
Let a = -3 - -1. Let x = a - -4. Let t(r) = -2 - 3*r + 3*r - 